{"id":18,"date":"2021-04-16T16:06:03","date_gmt":"2021-04-16T14:06:03","guid":{"rendered":"http:\/\/harmonj.cluster020.hosting.ovh.net\/?page_id=18"},"modified":"2025-02-10T09:24:36","modified_gmt":"2025-02-10T08:24:36","slug":"contact","status":"publish","type":"page","link":"https:\/\/www.harmonieethabitat.com\/index.php\/contact\/","title":{"rendered":"Contact"},"content":{"rendered":"\n<h2>Pour toute demande me contacter au : <\/h2>\n\n\n\n<h2><strong>+33 (0)6 71 49 08 95 <\/strong><\/h2>\n\n\n\n<h2>ou par e-mail : <\/h2>\n\n\n\n<h2><strong>harmonieethabitat@gmail.com <\/strong><\/h2>\n\n\n\n<div class=\"wp-container-3 wp-block-columns\">\n<div class=\"wp-container-2 wp-block-column\" style=\"flex-basis:100%\">\n<div class=\"wp-container-1 wp-block-group alignwide\"><div class=\"wp-block-group__inner-container\"><div class=\"wp-block-image\">\n<figure class=\"aligncenter size-large is-resized\"><img loading=\"lazy\" src=\"http:\/\/www.harmonieethabitat.com\/wp-content\/uploads\/2022\/03\/Harmonie-et-Habitat-039-720x1024.jpg\" alt=\"\" class=\"wp-image-273\" width=\"377\" height=\"535\" srcset=\"https:\/\/www.harmonieethabitat.com\/wp-content\/uploads\/2022\/03\/Harmonie-et-Habitat-039-720x1024.jpg 720w, https:\/\/www.harmonieethabitat.com\/wp-content\/uploads\/2022\/03\/Harmonie-et-Habitat-039-211x300.jpg 211w, https:\/\/www.harmonieethabitat.com\/wp-content\/uploads\/2022\/03\/Harmonie-et-Habitat-039-768x1092.jpg 768w, https:\/\/www.harmonieethabitat.com\/wp-content\/uploads\/2022\/03\/Harmonie-et-Habitat-039-1081x1536.jpg 1081w, https:\/\/www.harmonieethabitat.com\/wp-content\/uploads\/2022\/03\/Harmonie-et-Habitat-039-1441x2048.jpg 1441w, https:\/\/www.harmonieethabitat.com\/wp-content\/uploads\/2022\/03\/Harmonie-et-Habitat-039-1568x2229.jpg 1568w, https:\/\/www.harmonieethabitat.com\/wp-content\/uploads\/2022\/03\/Harmonie-et-Habitat-039.jpg 1759w\" sizes=\"(max-width: 377px) 100vw, 377px\" \/><figcaption>Cr\u00e9dit photo : \u00a9Amandine Foutrier<\/figcaption><\/figure><\/div><\/div><\/div>\n<\/div>\n<\/div>\n\n\n\n<h2 id=\"suivez-mes-actualites\">Suivez mes actualit\u00e9s :  <\/h2>\n\n\n\n<p><a rel=\"noreferrer noopener\" href=\"https:\/\/www.instagram.com\/elodie_excoffier\/\" target=\"_blank\">https:\/\/www.instagram.com\/elodie_excoffier\/<\/a><\/p>\n\n\n\n<p><a href=\"https:\/\/www.facebook.com\/FengShui.Architecture.interieur\" data-type=\"URL\" data-id=\"https:\/\/www.facebook.com\/FengShui.Architecture.interieur\" target=\"_blank\" rel=\"noreferrer noopener\">https:\/\/www.facebook.com\/FengShui.Architecture.interieur<\/a><\/p>\n\n\n\n<p><a data-type=\"URL\" data-id=\"https:\/\/www.linkedin.com\/in\/elodie-excoffier-0ba659b7\/\" href=\"https:\/\/www.linkedin.com\/in\/elodie-excoffier-0ba659b7\/\" target=\"_blank\" rel=\"noreferrer noopener\">https:\/\/www.linkedin.com\/in\/elodie-excoffier-0ba659b7\/<\/a><\/p>\n\n\n\n<p><a href=\"https:\/\/www.pinterest.fr\/Harmonie_et_Habitat\/\" target=\"_blank\" rel=\"noreferrer noopener\">https:\/\/www.pinterest.fr\/Harmonie_et_Habitat\/<\/a><\/p>\n\n\n\n<div class=\"wp-container-4 wp-block-buttons\"><\/div>\n\n\n\n<div class=\"wp-block-media-text alignwide is-stacked-on-mobile\" style=\"grid-template-columns:25% auto\"><figure class=\"wp-block-media-text__media\"><img loading=\"lazy\" width=\"322\" height=\"105\" src=\"http:\/\/www.harmonieethabitat.com\/wp-content\/uploads\/2023\/07\/Capture-de\u0301cran-2023-07-06-a\u0300-15.06.12.png\" alt=\"\" class=\"wp-image-684 size-full\" srcset=\"https:\/\/www.harmonieethabitat.com\/wp-content\/uploads\/2023\/07\/Capture-de\u0301cran-2023-07-06-a\u0300-15.06.12.png 322w, https:\/\/www.harmonieethabitat.com\/wp-content\/uploads\/2023\/07\/Capture-de\u0301cran-2023-07-06-a\u0300-15.06.12-300x98.png 300w\" sizes=\"(max-width: 322px) 100vw, 322px\" \/><\/figure><div class=\"wp-block-media-text__content\">\n<p><em><strong>Entreprise&nbsp;assur\u00e9e&nbsp;en France et \u00e0 l&rsquo;international par&nbsp;Euromaf, la mutuelle&nbsp;des Architectes Fran\u00e7ais Assurances.<\/strong><\/em><\/p>\n<\/div><\/div>\n","protected":false},"excerpt":{"rendered":"<p>Pour toute demande me contacter au : +33 (0)6 71 49 08 95 ou par e-mail : harmonieethabitat@gmail.com Suivez mes actualit\u00e9s : https:\/\/www.instagram.com\/elodie_excoffier\/ https:\/\/www.facebook.com\/FengShui.Architecture.interieur https:\/\/www.linkedin.com\/in\/elodie-excoffier-0ba659b7\/ https:\/\/www.pinterest.fr\/Harmonie_et_Habitat\/ Entreprise&nbsp;assur\u00e9e&nbsp;en France et \u00e0 l&rsquo;international par&nbsp;Euromaf, la mutuelle&nbsp;des Architectes Fran\u00e7ais Assurances.<\/p>\n","protected":false},"author":2,"featured_media":0,"parent":0,"menu_order":0,"comment_status":"closed","ping_status":"closed","template":"","meta":[],"yoast_head":"<!-- This site is optimized with the Yoast SEO plugin v20.5 - https:\/\/yoast.com\/wordpress\/plugins\/seo\/ -->\n<title>Contact - Harmonie et Habitat<\/title>\n<meta name=\"description\" content=\"Riche de 15 ann\u00e9es d&#039;exp\u00e9rience, mon m\u00e9tier m&#039;offre la possibilit\u00e9 d&#039;am\u00e9liorer et de favoriser le quotidien des personnes au sein de leur habitat. Ma priorit\u00e9 est de vous accompagner dans vos projets, d\u2019\u00eatre \u00e0 votre \u00e9coute et au service de votre bien-\u00eatre.Je vous accompagne dans vos projets en immobilier, vos d\u00e9marches et nous r\u00e9inventons ensemble vos espaces de vie afin que chacun puisse trouver sa place. Mes connaissances en Feng Shui renforcent ces valeurs qui me permettent d&#039;\u00eatre au service de l&#039;\u00e9quilibre et de l&#039;harmonie au sein de nos lieux de vie. Il nous offre une nouvelle lecture de nos lieux de vie. Toujours avec le souhait de vous offrir des services sp\u00e9cifiques pour vous soutenir dans vos projets. L&#039;\u00e9tude du \u00ab Ba-Zi \u00bb astrologie Chinoise, me permet d&#039;anticiper les changements, comprendre les blocages et faire du temps un alli\u00e9. C&#039;est avec joie que je vous partage mes connaissances et mon exp\u00e9rience professionnelle lors des formations propos\u00e9es par le centre Feng Shui et Bien-\u00eatre. Un accompagnement adapt\u00e9 au niveau de chacun dans la bienveillance et l&#039;\u00e9coute.\" \/>\n<meta name=\"robots\" content=\"index, follow, max-snippet:-1, max-image-preview:large, max-video-preview:-1\" \/>\n<link rel=\"canonical\" href=\"https:\/\/www.harmonieethabitat.com\/index.php\/contact\/\" \/>\n<meta property=\"og:locale\" content=\"fr_FR\" \/>\n<meta property=\"og:type\" content=\"article\" \/>\n<meta property=\"og:title\" content=\"Contact - Harmonie et Habitat\" \/>\n<meta property=\"og:description\" content=\"Riche de 15 ann\u00e9es d&#039;exp\u00e9rience, mon m\u00e9tier m&#039;offre la possibilit\u00e9 d&#039;am\u00e9liorer et de favoriser le quotidien des personnes au sein de leur habitat. Ma priorit\u00e9 est de vous accompagner dans vos projets, d\u2019\u00eatre \u00e0 votre \u00e9coute et au service de votre bien-\u00eatre.Je vous accompagne dans vos projets en immobilier, vos d\u00e9marches et nous r\u00e9inventons ensemble vos espaces de vie afin que chacun puisse trouver sa place. Mes connaissances en Feng Shui renforcent ces valeurs qui me permettent d&#039;\u00eatre au service de l&#039;\u00e9quilibre et de l&#039;harmonie au sein de nos lieux de vie. Il nous offre une nouvelle lecture de nos lieux de vie. Toujours avec le souhait de vous offrir des services sp\u00e9cifiques pour vous soutenir dans vos projets. L&#039;\u00e9tude du \u00ab Ba-Zi \u00bb astrologie Chinoise, me permet d&#039;anticiper les changements, comprendre les blocages et faire du temps un alli\u00e9. C&#039;est avec joie que je vous partage mes connaissances et mon exp\u00e9rience professionnelle lors des formations propos\u00e9es par le centre Feng Shui et Bien-\u00eatre. Un accompagnement adapt\u00e9 au niveau de chacun dans la bienveillance et l&#039;\u00e9coute.\" \/>\n<meta property=\"og:url\" content=\"https:\/\/www.harmonieethabitat.com\/index.php\/contact\/\" \/>\n<meta property=\"og:site_name\" content=\"Harmonie et Habitat\" \/>\n<meta property=\"article:modified_time\" content=\"2025-02-10T08:24:36+00:00\" \/>\n<meta property=\"og:image\" content=\"http:\/\/www.harmonieethabitat.com\/wp-content\/uploads\/2022\/03\/Harmonie-et-Habitat-039-720x1024.jpg\" \/>\n<meta name=\"twitter:card\" content=\"summary_large_image\" \/>\n<meta name=\"twitter:label1\" content=\"Dur\u00e9e de lecture estim\u00e9e\" \/>\n\t<meta name=\"twitter:data1\" content=\"1 minute\" \/>\n<script type=\"application\/ld+json\" class=\"yoast-schema-graph\">{\"@context\":\"https:\/\/schema.org\",\"@graph\":[{\"@type\":\"WebPage\",\"@id\":\"https:\/\/www.harmonieethabitat.com\/index.php\/contact\/\",\"url\":\"https:\/\/www.harmonieethabitat.com\/index.php\/contact\/\",\"name\":\"Contact - Harmonie et Habitat\",\"isPartOf\":{\"@id\":\"https:\/\/www.harmonieethabitat.com\/#website\"},\"datePublished\":\"2021-04-16T14:06:03+00:00\",\"dateModified\":\"2025-02-10T08:24:36+00:00\",\"description\":\"Riche de 15 ann\u00e9es d'exp\u00e9rience, mon m\u00e9tier m'offre la possibilit\u00e9 d'am\u00e9liorer et de favoriser le quotidien des personnes au sein de leur habitat. Ma priorit\u00e9 est de vous accompagner dans vos projets, d\u2019\u00eatre \u00e0 votre \u00e9coute et au service de votre bien-\u00eatre.Je vous accompagne dans vos projets en immobilier, vos d\u00e9marches et nous r\u00e9inventons ensemble vos espaces de vie afin que chacun puisse trouver sa place. Mes connaissances en Feng Shui renforcent ces valeurs qui me permettent d'\u00eatre au service de l'\u00e9quilibre et de l'harmonie au sein de nos lieux de vie. Il nous offre une nouvelle lecture de nos lieux de vie. Toujours avec le souhait de vous offrir des services sp\u00e9cifiques pour vous soutenir dans vos projets. L'\u00e9tude du \u00ab Ba-Zi \u00bb astrologie Chinoise, me permet d'anticiper les changements, comprendre les blocages et faire du temps un alli\u00e9. C'est avec joie que je vous partage mes connaissances et mon exp\u00e9rience professionnelle lors des formations propos\u00e9es par le centre Feng Shui et Bien-\u00eatre. Un accompagnement adapt\u00e9 au niveau de chacun dans la bienveillance et l'\u00e9coute.\",\"breadcrumb\":{\"@id\":\"https:\/\/www.harmonieethabitat.com\/index.php\/contact\/#breadcrumb\"},\"inLanguage\":\"fr-FR\",\"potentialAction\":[{\"@type\":\"ReadAction\",\"target\":[\"https:\/\/www.harmonieethabitat.com\/index.php\/contact\/\"]}]},{\"@type\":\"BreadcrumbList\",\"@id\":\"https:\/\/www.harmonieethabitat.com\/index.php\/contact\/#breadcrumb\",\"itemListElement\":[{\"@type\":\"ListItem\",\"position\":1,\"name\":\"Accueil\",\"item\":\"https:\/\/www.harmonieethabitat.com\/\"},{\"@type\":\"ListItem\",\"position\":2,\"name\":\"Contact\"}]},{\"@type\":\"WebSite\",\"@id\":\"https:\/\/www.harmonieethabitat.com\/#website\",\"url\":\"https:\/\/www.harmonieethabitat.com\/\",\"name\":\"Harmonie et Habitat\",\"description\":\"\",\"publisher\":{\"@id\":\"https:\/\/www.harmonieethabitat.com\/#organization\"},\"potentialAction\":[{\"@type\":\"SearchAction\",\"target\":{\"@type\":\"EntryPoint\",\"urlTemplate\":\"https:\/\/www.harmonieethabitat.com\/?s={search_term_string}\"},\"query-input\":\"required name=search_term_string\"}],\"inLanguage\":\"fr-FR\"},{\"@type\":\"Organization\",\"@id\":\"https:\/\/www.harmonieethabitat.com\/#organization\",\"name\":\"Harmonie et Habitat\",\"url\":\"https:\/\/www.harmonieethabitat.com\/\",\"logo\":{\"@type\":\"ImageObject\",\"inLanguage\":\"fr-FR\",\"@id\":\"https:\/\/www.harmonieethabitat.com\/#\/schema\/logo\/image\/\",\"url\":\"https:\/\/www.harmonieethabitat.com\/wp-content\/uploads\/2021\/04\/cropped-logo-harmonie-et-habitat-definitif.jpg\",\"contentUrl\":\"https:\/\/www.harmonieethabitat.com\/wp-content\/uploads\/2021\/04\/cropped-logo-harmonie-et-habitat-definitif.jpg\",\"width\":512,\"height\":512,\"caption\":\"Harmonie et Habitat\"},\"image\":{\"@id\":\"https:\/\/www.harmonieethabitat.com\/#\/schema\/logo\/image\/\"}}]}<\/script>\n<!-- \/ Yoast SEO plugin. -->","yoast_head_json":{"title":"Contact - Harmonie et Habitat","description":"Riche de 15 ann\u00e9es d'exp\u00e9rience, mon m\u00e9tier m'offre la possibilit\u00e9 d'am\u00e9liorer et de favoriser le quotidien des personnes au sein de leur habitat. Ma priorit\u00e9 est de vous accompagner dans vos projets, d\u2019\u00eatre \u00e0 votre \u00e9coute et au service de votre bien-\u00eatre.Je vous accompagne dans vos projets en immobilier, vos d\u00e9marches et nous r\u00e9inventons ensemble vos espaces de vie afin que chacun puisse trouver sa place. Mes connaissances en Feng Shui renforcent ces valeurs qui me permettent d'\u00eatre au service de l'\u00e9quilibre et de l'harmonie au sein de nos lieux de vie. Il nous offre une nouvelle lecture de nos lieux de vie. Toujours avec le souhait de vous offrir des services sp\u00e9cifiques pour vous soutenir dans vos projets. L'\u00e9tude du \u00ab Ba-Zi \u00bb astrologie Chinoise, me permet d'anticiper les changements, comprendre les blocages et faire du temps un alli\u00e9. C'est avec joie que je vous partage mes connaissances et mon exp\u00e9rience professionnelle lors des formations propos\u00e9es par le centre Feng Shui et Bien-\u00eatre. Un accompagnement adapt\u00e9 au niveau de chacun dans la bienveillance et l'\u00e9coute.","robots":{"index":"index","follow":"follow","max-snippet":"max-snippet:-1","max-image-preview":"max-image-preview:large","max-video-preview":"max-video-preview:-1"},"canonical":"https:\/\/www.harmonieethabitat.com\/index.php\/contact\/","og_locale":"fr_FR","og_type":"article","og_title":"Contact - Harmonie et Habitat","og_description":"Riche de 15 ann\u00e9es d'exp\u00e9rience, mon m\u00e9tier m'offre la possibilit\u00e9 d'am\u00e9liorer et de favoriser le quotidien des personnes au sein de leur habitat. Ma priorit\u00e9 est de vous accompagner dans vos projets, d\u2019\u00eatre \u00e0 votre \u00e9coute et au service de votre bien-\u00eatre.Je vous accompagne dans vos projets en immobilier, vos d\u00e9marches et nous r\u00e9inventons ensemble vos espaces de vie afin que chacun puisse trouver sa place. Mes connaissances en Feng Shui renforcent ces valeurs qui me permettent d'\u00eatre au service de l'\u00e9quilibre et de l'harmonie au sein de nos lieux de vie. Il nous offre une nouvelle lecture de nos lieux de vie. Toujours avec le souhait de vous offrir des services sp\u00e9cifiques pour vous soutenir dans vos projets. L'\u00e9tude du \u00ab Ba-Zi \u00bb astrologie Chinoise, me permet d'anticiper les changements, comprendre les blocages et faire du temps un alli\u00e9. C'est avec joie que je vous partage mes connaissances et mon exp\u00e9rience professionnelle lors des formations propos\u00e9es par le centre Feng Shui et Bien-\u00eatre. Un accompagnement adapt\u00e9 au niveau de chacun dans la bienveillance et l'\u00e9coute.","og_url":"https:\/\/www.harmonieethabitat.com\/index.php\/contact\/","og_site_name":"Harmonie et Habitat","article_modified_time":"2025-02-10T08:24:36+00:00","og_image":[{"url":"http:\/\/www.harmonieethabitat.com\/wp-content\/uploads\/2022\/03\/Harmonie-et-Habitat-039-720x1024.jpg"}],"twitter_card":"summary_large_image","twitter_misc":{"Dur\u00e9e de lecture estim\u00e9e":"1 minute"},"schema":{"@context":"https:\/\/schema.org","@graph":[{"@type":"WebPage","@id":"https:\/\/www.harmonieethabitat.com\/index.php\/contact\/","url":"https:\/\/www.harmonieethabitat.com\/index.php\/contact\/","name":"Contact - Harmonie et Habitat","isPartOf":{"@id":"https:\/\/www.harmonieethabitat.com\/#website"},"datePublished":"2021-04-16T14:06:03+00:00","dateModified":"2025-02-10T08:24:36+00:00","description":"Riche de 15 ann\u00e9es d'exp\u00e9rience, mon m\u00e9tier m'offre la possibilit\u00e9 d'am\u00e9liorer et de favoriser le quotidien des personnes au sein de leur habitat. Ma priorit\u00e9 est de vous accompagner dans vos projets, d\u2019\u00eatre \u00e0 votre \u00e9coute et au service de votre bien-\u00eatre.Je vous accompagne dans vos projets en immobilier, vos d\u00e9marches et nous r\u00e9inventons ensemble vos espaces de vie afin que chacun puisse trouver sa place. Mes connaissances en Feng Shui renforcent ces valeurs qui me permettent d'\u00eatre au service de l'\u00e9quilibre et de l'harmonie au sein de nos lieux de vie. Il nous offre une nouvelle lecture de nos lieux de vie. Toujours avec le souhait de vous offrir des services sp\u00e9cifiques pour vous soutenir dans vos projets. L'\u00e9tude du \u00ab Ba-Zi \u00bb astrologie Chinoise, me permet d'anticiper les changements, comprendre les blocages et faire du temps un alli\u00e9. C'est avec joie que je vous partage mes connaissances et mon exp\u00e9rience professionnelle lors des formations propos\u00e9es par le centre Feng Shui et Bien-\u00eatre. Un accompagnement adapt\u00e9 au niveau de chacun dans la bienveillance et l'\u00e9coute.","breadcrumb":{"@id":"https:\/\/www.harmonieethabitat.com\/index.php\/contact\/#breadcrumb"},"inLanguage":"fr-FR","potentialAction":[{"@type":"ReadAction","target":["https:\/\/www.harmonieethabitat.com\/index.php\/contact\/"]}]},{"@type":"BreadcrumbList","@id":"https:\/\/www.harmonieethabitat.com\/index.php\/contact\/#breadcrumb","itemListElement":[{"@type":"ListItem","position":1,"name":"Accueil","item":"https:\/\/www.harmonieethabitat.com\/"},{"@type":"ListItem","position":2,"name":"Contact"}]},{"@type":"WebSite","@id":"https:\/\/www.harmonieethabitat.com\/#website","url":"https:\/\/www.harmonieethabitat.com\/","name":"Harmonie et Habitat","description":"","publisher":{"@id":"https:\/\/www.harmonieethabitat.com\/#organization"},"potentialAction":[{"@type":"SearchAction","target":{"@type":"EntryPoint","urlTemplate":"https:\/\/www.harmonieethabitat.com\/?s={search_term_string}"},"query-input":"required name=search_term_string"}],"inLanguage":"fr-FR"},{"@type":"Organization","@id":"https:\/\/www.harmonieethabitat.com\/#organization","name":"Harmonie et Habitat","url":"https:\/\/www.harmonieethabitat.com\/","logo":{"@type":"ImageObject","inLanguage":"fr-FR","@id":"https:\/\/www.harmonieethabitat.com\/#\/schema\/logo\/image\/","url":"https:\/\/www.harmonieethabitat.com\/wp-content\/uploads\/2021\/04\/cropped-logo-harmonie-et-habitat-definitif.jpg","contentUrl":"https:\/\/www.harmonieethabitat.com\/wp-content\/uploads\/2021\/04\/cropped-logo-harmonie-et-habitat-definitif.jpg","width":512,"height":512,"caption":"Harmonie et Habitat"},"image":{"@id":"https:\/\/www.harmonieethabitat.com\/#\/schema\/logo\/image\/"}}]}},"_links":{"self":[{"href":"https:\/\/www.harmonieethabitat.com\/index.php\/wp-json\/wp\/v2\/pages\/18"}],"collection":[{"href":"https:\/\/www.harmonieethabitat.com\/index.php\/wp-json\/wp\/v2\/pages"}],"about":[{"href":"https:\/\/www.harmonieethabitat.com\/index.php\/wp-json\/wp\/v2\/types\/page"}],"author":[{"embeddable":true,"href":"https:\/\/www.harmonieethabitat.com\/index.php\/wp-json\/wp\/v2\/users\/2"}],"replies":[{"embeddable":true,"href":"https:\/\/www.harmonieethabitat.com\/index.php\/wp-json\/wp\/v2\/comments?post=18"}],"version-history":[{"count":43,"href":"https:\/\/www.harmonieethabitat.com\/index.php\/wp-json\/wp\/v2\/pages\/18\/revisions"}],"predecessor-version":[{"id":755,"href":"https:\/\/www.harmonieethabitat.com\/index.php\/wp-json\/wp\/v2\/pages\/18\/revisions\/755"}],"wp:attachment":[{"href":"https:\/\/www.harmonieethabitat.com\/index.php\/wp-json\/wp\/v2\/media?parent=18"}],"curies":[{"name":"wp","href":"https:\/\/api.w.org\/{rel}","templated":true}]}}